nd 2203131510.
1830
What is the highest common divisor of 2960848 and 1232?
176
Calculate the highest common divisor of 662906492 and 709.
709
What is the highest common factor of 15294696 and 36?
12
What is the greatest common divisor of 2720 and 12699320?
40
What is the greatest common divisor of 2496 and 3970752?
192
Calculate the greatest common divisor of 406950999 and 91.
91
Calculate the greatest common factor of 206 and 57792064.
206
Calculate the highest common factor of 4342 and 17430959.
2171
Calculate the highest common factor of 119528 and 23192.
1784
What is the greatest common factor of 10 and 60933800?
10
What is the greatest common divisor of 41748760 and 760?
40
What is the highest common divisor of 3211 and 343239?
169
What is the highest common factor of 736946 and 602?
14
Calculate the greatest common divisor of 540 and 55971270.
270
Calculate the highest common divisor of 74654 and 804894.
326
What is the greatest common divisor of 29362 and 2188158?
106
What is the highest common divisor of 2 and 884899?
1
Calculate the greatest common factor of 84272 and 233312.
368
Calculate the greatest common factor of 182119491 and 43.
43
What is the highest common factor of 6419 and 257125883?
6419
What is the highest common factor of 57915 and 44204589?
3861
What is the greatest common divisor of 17313847 and 142?
71
What is the highest common factor of 23250813 and 164?
41
What is the highest common divisor of 923346 and 10017?
27
Calculate the highest common factor of 54 and 620684424.
54
What is the greatest common factor of 43061516 and 3156?
1052
Calculate the greatest common factor of 208179 and 5121.
9
What is the highest common divisor of 219099 and 597?
597
Calculate the greatest common divisor of 4586 and 39194249.
2293
Calculate the greatest common divisor of 14 and 19788536.
2
What is the highest common divisor of 72865282 and 1066?
82
What is the greatest common divisor of 109711935 and 135?
135
What is the highest common divisor of 5134 and 18012639?
2567
Calculate the greatest common divisor of 5914570 and 140.
10
Calculate the greatest common factor of 205 and 49470.
5
Calculate the greatest common factor of 17582 and 177649.
59
What is the greatest common factor of 3380906 and 4881?
1627
What is the highest common factor of 2206879 and 6731?
127
What is the highest common divisor of 1177 and 4060683?
11
Calculate the greatest common factor of 114 and 811584.
6
What is the greatest common divisor of 86125625 and 205?
205
What is the greatest common factor of 83710626 and 397?
397
Calculate the highest common factor of 99104 and 41306.
38
Calculate the greatest common factor of 125139 and 202020.
21
What is the greatest common divisor of 6733297 and 111?
37
Calculate the greatest common divisor of 30532 and 1904.
68
What is the highest common factor of 29713 and 31347?
43
Calculate the greatest common divisor of 12 and 29306.
2
What is the highest common divisor of 34 and 60315847?
17
Calculate the greatest common divisor of 82943810 and 20.
10
Calculate the greatest common divisor of 1264152900 and 24.
12
Calculate the greatest common factor of 4491125 and 100.
25
What is the highest common divisor of 247196 and 17284?
116
What is the highest common divisor of 27782 and 2204?
58
Calculate the highest common divisor of 9762504 and 19.
19
Calculate the greatest common divisor of 1501779 and 285.
57
Calculate the greatest common factor of 170794059 and 399.
57
Calculate the highest common divisor of 4930 and 988720.
170
Calculate the greatest common factor of 2210 and 37011890.
170
Calculate the greatest common divisor of 4254 and 36548950.
1418
Calculate the highest common factor of 4615 and 16557697.
923
Calculate the greatest common factor of 1313854 and 5329.
73
What is the highest common divisor of 6732418 and 35?
7
What is the greatest common factor of 44054 and 554?
2
Calculate the greatest common factor of 827415 and 1816.
227
What is the highest common divisor of 266 and 441714147?
133
What is the highest common divisor of 220 and 4052246?
22
Calculate the greatest common factor of 952 and 26418272.
136
Calculate the highest common factor of 1982 and 13763008.
1982
What is the greatest common factor of 108 and 279540963?
27
Calculate the greatest common factor of 1275991733 and 127.
127
Calculate the greatest common divisor of 3053 and 5160209.
71
Calculate the greatest common factor of 4488575 and 3575.
325
Calculate the greatest common divisor of 104856 and 116.
4
What is the highest common divisor of 1305094 and 1861866?
2554
What is the greatest common divisor of 2365542 and 27?
9
Calculate the greatest common divisor of 204 and 11228704.
68
What is the highest common factor of 376 and 21172184?
376
What is the greatest common divisor of 3507 and 3569771793?
3507
What is the highest common divisor of 364 and 26170261?
13
What is the greatest common factor of 10 and 606950945?
5
What is the highest common factor of 51645 and 87735?
15
Calculate the greatest common divisor of 64764 and 2393433.
63
What is the highest common divisor of 272254302 and 18?
18
Calculate the greatest common divisor of 108 and 1330191.
9
What is the highest common factor of 7185482 and 670?
134
What is the greatest common divisor of 9019326 and 372?
186
What is the highest common factor of 271 and 25649879?
271
Calculate the greatest common divisor of 425227 and 14036.
319
What is the highest common factor of 14784 and 1272864?
96
What is the greatest common factor of 15778 and 1418893?
1127
Calculate the highest common factor of 4632421 and 54841.
173
Calculate the greatest common divisor of 11265582 and 4890.
978
Calculate the greatest common divisor of 43357 and 2417777.
227
What is the highest common factor of 331800 and 429800?
1400
Calculate the greatest common factor of 5775 and 1913625.
525
What is the highest common divisor of 12640 and 1389215?
395
What is the highest common factor of 49201113 and 624?
39
Calculate the greatest common divisor of 13809192 and 3354.
258
Calculate the greatest common factor of 192 and 13453536.
96
Calculate the highest common divisor of 3088 and 214512.
16
What is the greatest common factor of 496083 and 1344?
21
Calculate the greatest common factor of 64 and 1769752.
8
Calculate the highest common factor of 9614 and 45716.
22
Calculate the highest common divisor of 7165 and 35491111.
1433
Calculate the highest common divisor of 338300 and 14688.
68
What is the highest common factor of 2528 and 9645640?
8
Calculate the greatest common divisor of 360924 and 16434706.
3166
What is the greatest common factor of 23474 and 1661?
11
Calculate the highest common factor of 1208490 and 35070.
30
Calculate the greatest common divisor of 147 and 12768567.
147
What is the greatest common factor of 1982 and 84096260?
1982
Calculate the greatest common divisor of 1660 and 534935.
415
What is the greatest common factor of 376523730 and 66?
66
Calculate the highest common factor of 68969 and 4904913.
4057
What is the highest common factor of 4874429 and 10731?
511
Calculate the highest common divisor of 85 and 83619940.
85
Calculate the highest common divisor of 328 and 15921448.
328
What is the highest common factor of 129 and 11533761?
129
What is the highest common factor of 1798 and 1818491?
31
Calculate the highest common factor of 14 and 289310770.
14
What is the highest common factor of 75 and 81323575?
25
What is the highest common factor of 4487760 and 4600?
920
Calculate the highest common divisor of 3360991 and 3265.
653
What is the greatest common divisor of 15984 and 1279719?
999
What is the greatest common divisor of 462731 and 336229?
3329
Calculate the highest common factor of 2720873 and 6008.
751
Calculate the greatest common divisor of 1401 and 6403037.
467
Calculate the highest common divisor of 166395957 and 840.
21
What is the highest common divisor of 121731 and 63?
3
What is the greatest common factor of 24 and 3637260?
12
What is the highest common factor of 799 and 1395139?
17
What is the highest common divisor of 2059600 and 20976?
304
Calculate the greatest common divisor of 211761817 and 233.
233
Calculate the greatest common divisor of 10057 and 2984526.
89
What is the gr